 digit of 117496817?
1
What is the ten thousands digit of 37535604?
3
What is the hundred thousands digit of 79832357?
8
What is the ten thousands digit of 356458821?
5
What is the ten millions digit of 425471630?
2
What is the millions digit of 2991307449?
1
What is the thousands digit of 76720077?
0
What is the hundred thousands digit of 369266524?
2
What is the ten millions digit of 152060617?
5
What is the thousands digit of 3141024946?
4
What is the ten millions digit of 64293348?
6
What is the millions digit of 3709517446?
9
What is the units digit of 549748?
8
What is the ten thousands digit of 43441219?
4
What is the millions digit of 155401068?
5
What is the tens digit of 59872087?
8
What is the units digit of 40500695?
5
What is the ten thousands digit of 61627822?
2
What is the hundred thousands digit of 1110905355?
9
What is the billions digit of 1887607240?
1
What is the millions digit of 218750406?
8
What is the ten thousands digit of 1177932081?
3
What is the thousands digit of 99540656?
0
What is the tens digit of 143749154?
5
What is the thousands digit of 49572127?
2
What is the ten thousands digit of 853971988?
7
What is the ten millions digit of 217277495?
1
What is the hundred millions digit of 209826305?
2
What is the tens digit of 38900829?
2
What is the hundred thousands digit of 6213645073?
6
What is the hundreds digit of 2096971407?
4
What is the tens digit of 350164944?
4
What is the tens digit of 569450464?
6
What is the tens digit of 792881460?
6
What is the hundred millions digit of 218447197?
2
What is the ten millions digit of 3347447379?
4
What is the ten millions digit of 40930421?
4
What is the thousands digit of 111628036?
8
What is the ten millions digit of 260177426?
6
What is the hundred millions digit of 686402457?
6
What is the hundred thousands digit of 410684542?
6
What is the units digit of 1092493196?
6
What is the millions digit of 19326589?
9
What is the hundred thousands digit of 6191293800?
2
What is the ten thousands digit of 1821320065?
2
What is the millions digit of 60853865?
0
What is the millions digit of 10832091?
0
What is the units digit of 3060386352?
2
What is the units digit of 171817779?
9
What is the thousands digit of 29061584?
1
What is the ten thousands digit of 755488856?
8
What is the thousands digit of 29308526?
8
What is the hundreds digit of 16427758?
7
What is the units digit of 1555821583?
3
What is the hundred millions digit of 799001795?
7
What is the millions digit of 123001078?
3
What is the thousands digit of 57382062?
2
What is the ten thousands digit of 103527672?
2
What is the hundred thousands digit of 54663523?
6
What is the thousands digit of 215534757?
4
What is the millions digit of 1195699543?
5
What is the hundred thousands digit of 293421628?
4
What is the thousands digit of 52096461?
6
What is the hundreds digit of 1001672991?
9
What is the thousands digit of 31908824?
8
What is the millions digit of 63597714?
3
What is the units digit of 2904757343?
3
What is the hundreds digit of 165219047?
0
What is the hundred millions digit of 8601444273?
6
What is the hundreds digit of 438485019?
0
What is the hundred thousands digit of 28385332?
3
What is the hundred millions digit of 5900181979?
9
What is the hundreds digit of 653879958?
9
What is the ten millions digit of 2221679224?
2
What is the hundreds digit of 261872720?
7
What is the hundreds digit of 88964943?
9
What is the hundred thousands digit of 1244700339?
7
What is the hundreds digit of 78379513?
5
What is the hundred thousands digit of 60626393?
6
What is the hundreds digit of 473973836?
8
What is the ten thousands digit of 811444785?
4
What is the thousands digit of 116612245?
2
What is the hundred thousands digit of 243761714?
7
What is the hundreds digit of 2589501949?
9
What is the ten thousands digit of 267708896?
0
What is the hundred thousands digit of 24285484?
2
What is the ten thousands digit of 538757799?
5
What is the units digit of 114773813?
3
What is the millions digit of 318506710?
8
What is the millions digit of 36325150?
6
What is the hundred thousands digit of 25781231?
7
What is the units digit of 689827336?
6
What is the units digit of 2297898333?
3
What is the units digit of 1327345456?
6
What is the ten millions digit of 125796511?
2
What is the hundred thousands digit of 41898957?
8
What is the ten millions digit of 3868385828?
6
What is the units digit of 1387055459?
9
What is the hundred thousands digit of 918893249?
8
What is the ten millions digit of 1896260898?
9
What is the tens digit of 12282743?
4
What is the ten thousands digit of 291531419?
3
What is the thousands digit of 874460480?
0
What is the units digit of 54353242?
2
What is the hundreds digit of 1758188498?
4
What is the ten millions digit of 280956572?
8
What is the units digit of 100614906?
6
What is the ten millions digit of 255690867?
5
What is the ten thousands digit of 3957491057?
9
What is the units digit of 1075045935?
5
What is the hundred thousands digit of 186843850?
8
What is the hundred thousands digit of 416159979?
1
What is the thousands digit of 6851087?
1
What is the hundreds digit of 249414289?
2
What is the units digit of 1082963693?
3
What is the thousands digit of 3623149485?
9
What is the ten thousands digit of 8404472324?
7
What is the units digit of 3188009?
9
What is the hundred millions digit of 1146852717?
1
What is the tens digit of 18193999?
9
What is the hundreds digit of 63074725?
7
What is the hundred thousands digit of 22915772?
9
What is the thousands digit of 46660965?
0
What is the hundred millions digit of 131737226?
1
What is the hundreds digit of 80135796?
7
What is the hundred millions digit of 873949665?
8
What is the hundred millions digit of 663096708?
6
What is the ten millions digit of 60396700?
6
What is the units digit of 149247055?
5
What is the tens digit of 21443086?
8
What is the thousands digit of 2503283778?
3
What is the thousands digit of 3021599362?
9
What is the hundreds digit of 63698597?
5
What is the hundred millions digit of 1304805929?
3
What is the units digit of 2134602221?
1
What is the ten millions digit of 227887090?
2
What is the hundred thousands digit of 6153486522?
4
What is the millions digit of 188238274?
8
What is the ten thousands digit of 38022468?
2
What is the ten millions digit of 6144186613?
4
What is the ten millions digit of 2687449876?
8
What is the thousands digit of 221092539?
2
What is the units digit of 934190090?
0
What is the tens digit of 474744088?
8
What is the thousands digit of 188513442?
3
What is the ten thousands digit of 2957003630?
0
What is the hundreds digit of 115711919?
9
What is the tens digit of 857796806?
0
What is the units digit of 35751887?
7
What is the ten millions digit of 1197756936?
9
What is the units digit of 399940125?
5
What is the thousands digit of 23806652?
6
What is the ten millions digit of 61385771?
6
What is the thousands digit of 44023291?
3
What is the units digit of 310221738?
8
What is the ten thousands digit of 36713802?
1
What is the ten thousands digit of 54300571?
0
What is the hundred millions digit of 128233451?
1
What is the ten thousands digit of 1710367865?
6
What is the hundred thousands digit of 1692309398?
3
What is the hundreds digit of 10391002?
0
What is the thousands digit of 5800746?
0
What is the ten thousands digit of 4105174772?
7
What is the units digit of 1530440461?
1
What is the tens digit of 389203086?
8
What is the millions digit of 183181802?
3
What is the tens digit of 315512512?
1
What is the millions digit of 285179990?
5
What is the ten thousands digit of 775416900?
1
What is the thousands digit of 44175559?
5
What is the units digit of 616442261?
1
What is the hundred thousands digit of 856990044?
9
What is the thousands digit of 43774240?
4
What is the millions digit of 62649331?
2
What is the hundreds digit of 2380001931?
9
What is the thousands digit of 21795655?
5
What is the tens digit of 102277912?
1
What is the units digit of 2588499?
9
What is the millions digit of 653410012?
3
What is the millions digit of 205867953?
5
What is the hundred millions digit of 1123133640?
1
What is the hundreds digit of 9754346?
3
What is the hundred thous